*n**2 + 4. Let z(m) = -d(m) - 6*w(m). Let p = -10 + 7. What is the units digit of z(p)?
5
Let b(m) = m**3 + 8*m**2 + 7*m + 6. Let s(w) = -2*w - 3. Let i be s(-5). Let v be (-2)/(1 + (-5)/i). What is the units digit of b(v)?
6
Suppose 3*x = -0*x + 165. Suppose -r + x = 4*r. What is the units digit of r?
1
Let w(g) = -g**3 - g**2 + 2*g + 3. Let m be w(-2). Suppose -2*j - 16 = -m*j. What is the units digit of j?
6
Suppose i - 84 = -i. Let j = -16 + i. What is the tens digit of j?
2
Suppose -5*t - 3 + 14 = b, t = 4*b - 2. Suppose b + 7 = 2*j. Suppose -n - 5 = -3*i, 0 = -n + j - 0. What is the units digit of i?
3
Suppose -3*x = -3*a + 96, -4*x = 5*a - 8*a + 93. What is the units digit of a?
5
Let i = 61 + -37. What is the units digit of (i*-4)/(-4) - -1?
5
Suppose y = -4*c + 62 + 27, -4*y - 4*c + 380 = 0. What is the tens digit of y?
9
Let u(j) be the second derivative of j**5/20 - 5*j**4/12 + j**3/3 + j**2/2 + j. Suppose -1 = -5*f + 24. What is the units digit of u(f)?
1
Let o = 8 - 14. Let k(u) = u**2 + 4*u + 11. What is the tens digit of k(o)?
2
Let r(z) = -6*z + 3 + z + 6*z. Let s be r(0). Suppose 0*y = -2*y + w + 15, -s*y = -3*w - 24. What is the units digit of y?
7
Suppose l + 5*a - 14 = 0, 0 = -0*a + 2*a + 6. Let g = l + -4. Suppose -k + 27 - 6 = 3*m, -k - 4*m + g = 0. What is the units digit of k?
9
Let n(p) = 33*p**2 - p. Let c be n(-2). Suppose 2*a - 5*u = 5*a - c, -u - 50 = -a. What is the units digit of a?
8
Let b be (-3 + 1 - -4) + -14. Let r be 4/6 - 28/b. What is the units digit of 1*(r/1 + 9)?
2
What is the hundreds digit of 177/(-2)*(-104)/78?
1
What is the tens digit of (1349/(-76))/((-2)/16)?
4
Let q(n) = 2*n**2 + 6*n + 3. Let o be q(-5). Suppose 17 = 2*f - 3*z, -2*z + 0*z - o = -3*f. What is the units digit of f?
7
Let v = 10 + -5. Suppose 2*s = 7 + v. What is the units digit of s?
6
Suppose -l - 189 = -4*h, 10 = 4*l - 6*l. What is the units digit of h?
6
What is the units digit of 6/(468/(-492) - (-1 - 0))?
3
Let m = -8 + 8. Suppose m = -2*t - t + 90. What is the units digit of ((-3)/6)/((-3)/t)?
5
Suppose -2*k + g + 19 = 0, -5*k + k + 4*g + 28 = 0. Suppose k = -5*l + 2, -3*l = -2*r + 20. What is the units digit of r?
7
Suppose -4*a + 5*d = -2*a - 35, 0 = 2*a - d - 39. Suppose 27 = 4*h - 3*o, 8 = -h - o + a. What is the units digit of h?
9
Let s be (-2)/(-3)*(5 + -2). Suppose -2*v + 2*m = -3*v + s, -3*v + 7 = 5*m. What is the units digit of 5 + 2/(-1) + v?
7
Let p(w) = -w**2 - 5*w - 1. Let v be p(-4). Suppose y = -v*y. Suppose y = -z - 0 + 2. What is the units digit of z?
2
Suppose 18 = 4*d - 2*m, m - 7 = -2*d - 0*m. What is the tens digit of ((-42)/d)/((-8)/16)?
2
Suppose 0*w = -w + 3. Suppose -2 - 19 = -w*f. What is the units digit of 4*-2*(6 - f)?
8
Let c = 3 + -3. Suppose c - 12 = -3*m. What is the units digit of m?
4
Let o = 4 - 13. Let u(p) = -3*p - 6. What is the tens digit of u(o)?
2
Suppose 0 = 3*t - 11*t + 576. What is the units digit of t?
2
Let b be (1 - 0)*(4 - 0). Suppose -c - b*c + 10 = 0. What is the units digit of c?
2
Suppose z + p - 3*p + 7 = 0, -2*p + 19 = 3*z. What is the units digit of ((-12)/16)/(z/(-12))?
3
Let u = 4 - -1. Suppose -u*b + b = -32. Suppose 0 = -b*x + 4*x + 40. What is the tens digit of x?
1
What is the tens digit of (-2)/(-14) + (-664)/(-56)?
1
Let d = 183 - 37. What is the units digit of d?
6
Let x(h) = h**2 - h + 1. Suppose 0 = -0*y - 5*y. Suppose -4*n = -y*n + 8. What is the units digit of x(n)?
7
Suppose v = -4*v + 5*h + 210, 4*h + 205 = 5*v. What is the tens digit of v?
3
Let a(s) be the second derivative of 3*s + 0 - 1/6*s**3 + 5*s**2. What is the units digit of a(0)?
0
Let d = 32 - -57. What is the tens digit of d?
8
Suppose -h + 774 = 17*h. What is the tens digit of h?
4
Suppose s + s - 26 = 0. What is the units digit of s?
3
Let k be (-190)/(-12) - 5/(-30). Suppose -b + k = 3*b. What is the units digit of b?
4
Let x = 8 - -31. What is the tens digit of x?
3
Let w = -80 + 135. What is the units digit of w?
5
Let q(x) = 2*x - 4. Let k be q(3). Let l(p) = 2 - 3 - 1 + k*p. What is the units digit of l(4)?
6
Suppose -5*j = -3*g + 155, -3*g + 3*j + 44 = -103. What is the units digit of 4*(g/(-12))/(-3)?
5
Let y(d) = -3*d - 4 - 10*d + 2*d - 3. What is the tens digit of y(-2)?
1
Suppose 5 - 81 = -2*l. What is the units digit of l?
8
What is the tens digit of 9 - (1 + 6/(-2))?
1
Let t = -190 + 275. What is the units digit of t?
5
Let o(i) = i**2 - 6*i + 1. Let z be o(6). Let l be (-1)/(-2 + 1) - z. Suppose 7*f - 3*f - 28 = l. What is the units digit of f?
7
Let y be 13*(3 + -2)*-1. Let z be 2*-5*2/4. Let t = z - y. What is the units digit of t?
8
Let z(d) = 3*d**3 - d**2 + 2*d. Let o(j) = -4*j**3 + 2*j**2 - 2*j + 1. Let l(g) = -4*o(g) - 5*z(g). What is the units digit of l(4)?
4
Let t be (-68)/6 + 4/(-6). Let x(v) = -v + 2. Let s be x(9). Let w = s - t. What is the units digit of w?
5
Suppose 0*y = 4*y - 64. Suppose 0*q - 2*q = -y. What is the units digit of q?
8
Suppose -5*t + 17 = -28. Let l = t + -4. What is the units digit of l?
5
Let l be (-2 + 5)/(-1*1). Let w = 15 - 11. Let y = w + l. What is the units digit of y?
1
Suppose -2*h + 2 = -g, 2*h - 18 = -3*h - 4*g. Suppose 0 = 2*b - 5*k - 3 + 2, -h*k - 10 = -4*b. Suppose -p = b - 5. What is the units digit of p?
2
Let i(j) = -j - j + 2 + j**2 - 1 + 8*j**3. What is the units digit of i(1)?
8
Let l be 8/(3 - (-11)/(-3)). What is the units digit of l*-5*(-3)/(-9)?
0
Let y(x) = x**3 - x**2 + x + 21. Let z be 0/(-1*(-2 - -1)). What is the tens digit of y(z)?
2
Suppose -3*r = -r - 68. What is the units digit of r?
4
Let b(l) = -8*l - 30. What is the units digit of b(-4)?
2
Suppose u - 80 = -4*u. What is the units digit of u?
6
Let g be 2*-42*2/3. Let s = -33 - g. What is the tens digit of s?
2
Let p(j) = 2 + j**2 + 0*j + 2*j - 8*j. What is the units digit of p(6)?
2
Let p = -7 - -7. Suppose -4*w + 5*a - 52 = -6*w, -4*a = p. What is the units digit of w?
6
Suppose -3*r - 5*q + 403 = 0, -4*r - 2*q = -r - 388. What is the tens digit of r?
2
Suppose 178 = 4*v - 326. What is the units digit of v?
6
Suppose 51 = 5*g - 79. What is the tens digit of g?
2
Suppose 18 = 9*i - 11*i. Let w = 31 - i. What is the tens digit of w?
4
Let r = 50 + -16. Let l = r + -7. What is the tens digit of l?
2
Let v(t) = t**3 + t**2 - 2*t - 3. Let x be v(-2). Let z be ((-1)/3)/((-1)/x). What is the units digit of (8/2)/1 + z?
3
Suppose -7*b + 108 + 46 = 0. What is the tens digit of b?
2
Let p = 11 - -9. Suppose 4*x - p = s + s, 40 = 4*x + 3*s. What is the units digit of x?
7
Suppose -t = f + 4*f - 1043, -846 = -4*f + 5*t. What is the units digit of f?
9
Let z = 20 + -18. Suppose -3*p - 4*w + 58 = 0, p + w - z*w = 31. What is the units digit of p?
6
Let n be (-3)/9 + 16/3. Suppose -1 - 6 = -l + 3*c, 0 = -n*c + 25. What is the tens digit of l?
2
Suppose -3*r = r, h - 4*r = 2. Suppose -2*w - h = 4. What is the tens digit of (-38)/w + (-6)/9?
1
Let i be 0/1 + 1 - -2. Suppose -i*f = -7*f + 8. Suppose 4*l + 16 = 0, l = -f*p + p. What is the units digit of p?
4
Let o = 90 + 8. What is the units digit of o?
8
Suppose -3*l + 9 + 249 = 0. What is the tens digit of l?
8
Suppose 0 = -g - 2*g + 9. Suppose g*j + 36 = 5*l, 2*j - 4*j = 3*l - 33. What is the units digit of l?
9
Let n(b) = -b**2 - 10*b - 11. Let r be n(-8). Suppose r - 7 = -t. What is the units digit of t?
2
Let r be 18*(2/2 + -2). What is the units digit of ((-15)/(-6))/((-3)/r)?
5
Let g(u) = -10*u**2 + 4*u + 10*u - 2*u**3 - 1 - 4*u + 3*u**3. What is the units digit of g(9)?
8
Let g be (-4)/(-14) + 346/14. Suppose 0 = -4*z + g - 9. What is the units digit of z?
4
Suppose 0 = -5*q + 3*q + 3*c + 242, -q + 2*c + 123 = 0. What is the units digit of q?
5
What is the units digit of ((-54)/15)/((-6)/15)?
9
Suppose -4*b - 4*x + 6 + 2 = 0, -3*b + 3*x = 12. What is the tens digit of b - 3*40/(-6)?
1
Let r(c) = 23*c**2. Let q be r(-2). Suppose 0*d = -4*d + q. What is the units digit of d?
3
Let p(z) = z + 2. Let d be p(5). Let w = d - 0. What is the units digit of w?
7
Let w(s) be the second derivative of -7*s**3/3 + s**2/2 - 2*s. Let t be w(-3). Suppose 0 = -3*d + t - 1. What is the units digit of d?
4
Let h(w) = 10*w + 1. What is the units digit of h(3)?
1
Let r be 12/10*10/3. Suppose r*h + h = 0. Suppose h = 3*w - 1 - 2. Wha